{"version":"1.0","provider_name":"European Scientist","provider_url":"https:\/\/www.europeanscientist.com\/fr\/","author_name":"European Scientist","author_url":"https:\/\/www.europeanscientist.com\/fr\/author\/eseditor1\/","title":"Quelle r\u00e9forme pour relancer la vaccination en Europe ?","type":"rich","width":600,"height":338,"html":"<blockquote class=\"wp-embedded-content\" data-secret=\"IBVYB1xBWo\"><a href=\"https:\/\/www.europeanscientist.com\/fr\/sante\/quelle-reforme-pour-relancer-la-vaccination-en-europe\/\">Quelle r\u00e9forme pour relancer la vaccination en Europe ?<\/a><\/blockquote><iframe sandbox=\"allow-scripts\" security=\"restricted\" src=\"https:\/\/www.europeanscientist.com\/fr\/sante\/quelle-reforme-pour-relancer-la-vaccination-en-europe\/embed\/#?secret=IBVYB1xBWo\" width=\"600\" height=\"338\" title=\"\u00ab\u00a0Quelle r\u00e9forme pour relancer la vaccination en Europe ?\u00a0\u00bb &#8212; European Scientist\" data-secret=\"IBVYB1xBWo\" frameborder=\"0\" marginwidth=\"0\" marginheight=\"0\" scrolling=\"no\" class=\"wp-embedded-content\"><\/iframe><script type=\"text\/javascript\">\n\/* <![CDATA[ *\/\n\/*! This file is auto-generated *\/\n!function(d,l){\"use strict\";l.querySelector&&d.addEventListener&&\"undefined\"!=typeof URL&&(d.wp=d.wp||{},d.wp.receiveEmbedMessage||(d.wp.receiveEmbedMessage=function(e){var t=e.data;if((t||t.secret||t.message||t.value)&&!\/[^a-zA-Z0-9]\/.test(t.secret)){for(var s,r,n,a=l.querySelectorAll('iframe[data-secret=\"'+t.secret+'\"]'),o=l.querySelectorAll('blockquote[data-secret=\"'+t.secret+'\"]'),c=new RegExp(\"^https?:$\",\"i\"),i=0;i<o.length;i++)o[i].style.display=\"none\";for(i=0;i<a.length;i++)s=a[i],e.source===s.contentWindow&&(s.removeAttribute(\"style\"),\"height\"===t.message?(1e3<(r=parseInt(t.value,10))?r=1e3:~~r<200&&(r=200),s.height=r):\"link\"===t.message&&(r=new URL(s.getAttribute(\"src\")),n=new URL(t.value),c.test(n.protocol))&&n.host===r.host&&l.activeElement===s&&(d.top.location.href=t.value))}},d.addEventListener(\"message\",d.wp.receiveEmbedMessage,!1),l.addEventListener(\"DOMContentLoaded\",function(){for(var e,t,s=l.querySelectorAll(\"iframe.wp-embedded-content\"),r=0;r<s.length;r++)(t=(e=s[r]).getAttribute(\"data-secret\"))||(t=Math.random().toString(36).substring(2,12),e.src+=\"#?secret=\"+t,e.setAttribute(\"data-secret\",t)),e.contentWindow.postMessage({message:\"ready\",secret:t},\"*\")},!1)))}(window,document);\n\/\/# sourceURL=https:\/\/www.europeanscientist.com\/wp-includes\/js\/wp-embed.min.js\n\/* ]]> *\/\n<\/script>\n","thumbnail_url":"https:\/\/www.europeanscientist.com\/wp-content\/uploads\/2018\/02\/vaccination-1215279_1280.jpg","thumbnail_width":1280,"thumbnail_height":853,"description":"Afin de luter contre la baisse des taux de vaccination, risquant de faire r\u00e9apparaitre des maladies depuis longtemps \u00e9radiqu\u00e9es sur le continent, le Parlement europ\u00e9en travaille sur une r\u00e9solution incitant les gouvernements nationaux \u00e0 fournir \u00ab\u2009plus d\u2019informations\u2009\u00bb aux citoyens."}

Quelle réforme pour relancer la vaccination en Europe ?

<blockquote class="wp-embedded-content" data-secret="IBVYB1xBWo"><a href="https://www.europeanscientist.com/fr/sante/quelle-reforme-pour-relancer-la-vaccination-en-europe/">Quelle réforme pour relancer la vaccination en Europe ?</a></blockquote><iframe sandbox="allow-scripts" security="restricted" src="https://www.europeanscientist.com/fr/sante/quelle-reforme-pour-relancer-la-vaccination-en-europe/embed/#?secret=IBVYB1xBWo" width="600" height="338" title="« Quelle réforme pour relancer la vaccination en Europe ? » &#8212; European Scientist" data-secret="IBVYB1xBWo" frameborder="0" marginwidth="0" marginheight="0" scrolling="no" class="wp-embedded-content"></iframe><script type="text/javascript">
/* <![CDATA[ */
/*! This file is auto-generated */
!function(d,l){"use strict";l.querySelector&&d.addEventListener&&"undefined"!=typeof URL&&(d.wp=d.wp||{},d.wp.receiveEmbedMessage||(d.wp.receiveEmbedMessage=function(e){var t=e.data;if((t||t.secret||t.message||t.value)&&!/[^a-zA-Z0-9]/.test(t.secret)){for(var s,r,n,a=l.querySelectorAll('iframe[data-secret="'+t.secret+'"]'),o=l.querySelectorAll('blockquote[data-secret="'+t.secret+'"]'),c=new RegExp("^https?:$","i"),i=0;i<o.length;i++)o[i].style.display="none";for(i=0;i<a.length;i++)s=a[i],e.source===s.contentWindow&&(s.removeAttribute("style"),"height"===t.message?(1e3<(r=parseInt(t.value,10))?r=1e3:~~r<200&&(r=200),s.height=r):"link"===t.message&&(r=new URL(s.getAttribute("src")),n=new URL(t.value),c.test(n.protocol))&&n.host===r.host&&l.activeElement===s&&(d.top.location.href=t.value))}},d.addEventListener("message",d.wp.receiveEmbedMessage,!1),l.addEventListener("DOMContentLoaded",function(){for(var e,t,s=l.querySelectorAll("iframe.wp-embedded-content"),r=0;r<s.length;r++)(t=(e=s[r]).getAttribute("data-secret"))||(t=Math.random().toString(36).substring(2,12),e.src+="#?secret="+t,e.setAttribute("data-secret",t)),e.contentWindow.postMessage({message:"ready",secret:t},"*")},!1)))}(window,document);
//# sourceURL=https://www.europeanscientist.com/wp-includes/js/wp-embed.min.js
/* ]]> */
</script>

Afin de luter contre la baisse des taux de vaccination, risquant de faire réapparaitre des maladies depuis longtemps éradiquées sur le continent, le Parlement européen travaille sur une résolution incitant les gouvernements nationaux à fournir « plus d’informations » aux citoyens.
