{"version":"1.0","provider_name":"European Scientist","provider_url":"https:\/\/www.europeanscientist.com\/fr\/","author_name":"Gwladys Johnson","author_url":"https:\/\/www.europeanscientist.com\/fr\/author\/gwladys-johnson\/","title":"L\u2019identit\u00e9 europ\u00e9enne en hausse, malgr\u00e9 les crises","type":"rich","width":600,"height":338,"html":"<blockquote class=\"wp-embedded-content\" data-secret=\"VmXDDxEHqb\"><a href=\"https:\/\/www.europeanscientist.com\/fr\/recherche\/lidentite-europeenne-en-hausse-malgre-les-crises\/\">L\u2019identit\u00e9 europ\u00e9enne en hausse, malgr\u00e9 les crises<\/a><\/blockquote><iframe sandbox=\"allow-scripts\" security=\"restricted\" src=\"https:\/\/www.europeanscientist.com\/fr\/recherche\/lidentite-europeenne-en-hausse-malgre-les-crises\/embed\/#?secret=VmXDDxEHqb\" width=\"600\" height=\"338\" title=\"\u00ab\u00a0L\u2019identit\u00e9 europ\u00e9enne en hausse, malgr\u00e9 les crises\u00a0\u00bb &#8212; European Scientist\" data-secret=\"VmXDDxEHqb\" frameborder=\"0\" marginwidth=\"0\" marginheight=\"0\" scrolling=\"no\" class=\"wp-embedded-content\"><\/iframe><script type=\"text\/javascript\">\n\/* <![CDATA[ *\/\n\/*! This file is auto-generated *\/\n!function(d,l){\"use strict\";l.querySelector&&d.addEventListener&&\"undefined\"!=typeof URL&&(d.wp=d.wp||{},d.wp.receiveEmbedMessage||(d.wp.receiveEmbedMessage=function(e){var t=e.data;if((t||t.secret||t.message||t.value)&&!\/[^a-zA-Z0-9]\/.test(t.secret)){for(var s,r,n,a=l.querySelectorAll('iframe[data-secret=\"'+t.secret+'\"]'),o=l.querySelectorAll('blockquote[data-secret=\"'+t.secret+'\"]'),c=new RegExp(\"^https?:$\",\"i\"),i=0;i<o.length;i++)o[i].style.display=\"none\";for(i=0;i<a.length;i++)s=a[i],e.source===s.contentWindow&&(s.removeAttribute(\"style\"),\"height\"===t.message?(1e3<(r=parseInt(t.value,10))?r=1e3:~~r<200&&(r=200),s.height=r):\"link\"===t.message&&(r=new URL(s.getAttribute(\"src\")),n=new URL(t.value),c.test(n.protocol))&&n.host===r.host&&l.activeElement===s&&(d.top.location.href=t.value))}},d.addEventListener(\"message\",d.wp.receiveEmbedMessage,!1),l.addEventListener(\"DOMContentLoaded\",function(){for(var e,t,s=l.querySelectorAll(\"iframe.wp-embedded-content\"),r=0;r<s.length;r++)(t=(e=s[r]).getAttribute(\"data-secret\"))||(t=Math.random().toString(36).substring(2,12),e.src+=\"#?secret=\"+t,e.setAttribute(\"data-secret\",t)),e.contentWindow.postMessage({message:\"ready\",secret:t},\"*\")},!1)))}(window,document);\n\/\/# sourceURL=https:\/\/www.europeanscientist.com\/wp-includes\/js\/wp-embed.min.js\n\/* ]]> *\/\n<\/script>\n","thumbnail_url":"https:\/\/www.europeanscientist.com\/wp-content\/uploads\/2024\/06\/eu-flag-2108026_1280.jpg","thumbnail_width":1280,"thumbnail_height":853,"description":"Le sentiment d&rsquo;une identit\u00e9 europ\u00e9enne parmi les habitants de l&rsquo;Union europ\u00e9enne a augment\u00e9 au cours des 15 derni\u00e8res ann\u00e9es. C\u2019est ce que r\u00e9v\u00e8le une \u00e9tude du professeur Theresa Kuhn, r\u00e9cemment publi\u00e9e.\u00ab Cela nous a surpris, pour \u00eatre honn\u00eate \u00bb, affirme la chercheuse. \u00ab Les deux derni\u00e8res d\u00e9cennies ont \u00e9t\u00e9 marqu\u00e9es par des crises, tant externes [&hellip;]"}

L’identité européenne en hausse, malgré les crises

<blockquote class="wp-embedded-content" data-secret="VmXDDxEHqb"><a href="https://www.europeanscientist.com/fr/recherche/lidentite-europeenne-en-hausse-malgre-les-crises/">L’identité européenne en hausse, malgré les crises</a></blockquote><iframe sandbox="allow-scripts" security="restricted" src="https://www.europeanscientist.com/fr/recherche/lidentite-europeenne-en-hausse-malgre-les-crises/embed/#?secret=VmXDDxEHqb" width="600" height="338" title="« L’identité européenne en hausse, malgré les crises » &#8212; European Scientist" data-secret="VmXDDxEHqb" frameborder="0" marginwidth="0" marginheight="0" scrolling="no" class="wp-embedded-content"></iframe><script type="text/javascript">
/* <![CDATA[ */
/*! This file is auto-generated */
!function(d,l){"use strict";l.querySelector&&d.addEventListener&&"undefined"!=typeof URL&&(d.wp=d.wp||{},d.wp.receiveEmbedMessage||(d.wp.receiveEmbedMessage=function(e){var t=e.data;if((t||t.secret||t.message||t.value)&&!/[^a-zA-Z0-9]/.test(t.secret)){for(var s,r,n,a=l.querySelectorAll('iframe[data-secret="'+t.secret+'"]'),o=l.querySelectorAll('blockquote[data-secret="'+t.secret+'"]'),c=new RegExp("^https?:$","i"),i=0;i<o.length;i++)o[i].style.display="none";for(i=0;i<a.length;i++)s=a[i],e.source===s.contentWindow&&(s.removeAttribute("style"),"height"===t.message?(1e3<(r=parseInt(t.value,10))?r=1e3:~~r<200&&(r=200),s.height=r):"link"===t.message&&(r=new URL(s.getAttribute("src")),n=new URL(t.value),c.test(n.protocol))&&n.host===r.host&&l.activeElement===s&&(d.top.location.href=t.value))}},d.addEventListener("message",d.wp.receiveEmbedMessage,!1),l.addEventListener("DOMContentLoaded",function(){for(var e,t,s=l.querySelectorAll("iframe.wp-embedded-content"),r=0;r<s.length;r++)(t=(e=s[r]).getAttribute("data-secret"))||(t=Math.random().toString(36).substring(2,12),e.src+="#?secret="+t,e.setAttribute("data-secret",t)),e.contentWindow.postMessage({message:"ready",secret:t},"*")},!1)))}(window,document);
//# sourceURL=https://www.europeanscientist.com/wp-includes/js/wp-embed.min.js
/* ]]> */
</script>

Le sentiment d&rsquo;une identité européenne parmi les habitants de l&rsquo;Union européenne a augmenté au cours des 15 dernières années. C’est ce que révèle une étude du professeur Theresa Kuhn, récemment publiée.« Cela nous a surpris, pour être honnête », affirme la chercheuse. « Les deux dernières décennies ont été marquées par des crises, tant externes [&hellip;]
