{"version":"1.0","provider_name":"European Scientist","provider_url":"https:\/\/www.europeanscientist.com\/fr\/","author_name":"Jean-Philippe Vuillez","author_url":"https:\/\/www.europeanscientist.com\/fr\/author\/jean-philippe-vuillez\/","title":"Quel avenir pour le mison\u00e9isme en 2026 ?","type":"rich","width":600,"height":338,"html":"<blockquote class=\"wp-embedded-content\" data-secret=\"hQaWD09xLt\"><a href=\"https:\/\/www.europeanscientist.com\/fr\/opinion\/quel-avenir-pour-le-misoneisme-en-2026\/\">Quel avenir pour le mison\u00e9isme en 2026 ?<\/a><\/blockquote><iframe sandbox=\"allow-scripts\" security=\"restricted\" src=\"https:\/\/www.europeanscientist.com\/fr\/opinion\/quel-avenir-pour-le-misoneisme-en-2026\/embed\/#?secret=hQaWD09xLt\" width=\"600\" height=\"338\" title=\"\u00ab\u00a0Quel avenir pour le mison\u00e9isme en 2026 ?\u00a0\u00bb &#8212; European Scientist\" data-secret=\"hQaWD09xLt\" frameborder=\"0\" marginwidth=\"0\" marginheight=\"0\" scrolling=\"no\" class=\"wp-embedded-content\"><\/iframe><script type=\"text\/javascript\">\n\/* <![CDATA[ *\/\n\/*! This file is auto-generated *\/\n!function(d,l){\"use strict\";l.querySelector&&d.addEventListener&&\"undefined\"!=typeof URL&&(d.wp=d.wp||{},d.wp.receiveEmbedMessage||(d.wp.receiveEmbedMessage=function(e){var t=e.data;if((t||t.secret||t.message||t.value)&&!\/[^a-zA-Z0-9]\/.test(t.secret)){for(var s,r,n,a=l.querySelectorAll('iframe[data-secret=\"'+t.secret+'\"]'),o=l.querySelectorAll('blockquote[data-secret=\"'+t.secret+'\"]'),c=new RegExp(\"^https?:$\",\"i\"),i=0;i<o.length;i++)o[i].style.display=\"none\";for(i=0;i<a.length;i++)s=a[i],e.source===s.contentWindow&&(s.removeAttribute(\"style\"),\"height\"===t.message?(1e3<(r=parseInt(t.value,10))?r=1e3:~~r<200&&(r=200),s.height=r):\"link\"===t.message&&(r=new URL(s.getAttribute(\"src\")),n=new URL(t.value),c.test(n.protocol))&&n.host===r.host&&l.activeElement===s&&(d.top.location.href=t.value))}},d.addEventListener(\"message\",d.wp.receiveEmbedMessage,!1),l.addEventListener(\"DOMContentLoaded\",function(){for(var e,t,s=l.querySelectorAll(\"iframe.wp-embedded-content\"),r=0;r<s.length;r++)(t=(e=s[r]).getAttribute(\"data-secret\"))||(t=Math.random().toString(36).substring(2,12),e.src+=\"#?secret=\"+t,e.setAttribute(\"data-secret\",t)),e.contentWindow.postMessage({message:\"ready\",secret:t},\"*\")},!1)))}(window,document);\n\/\/# sourceURL=https:\/\/www.europeanscientist.com\/wp-includes\/js\/wp-embed.min.js\n\/* ]]> *\/\n<\/script>\n","thumbnail_url":"https:\/\/www.europeanscientist.com\/wp-content\/uploads\/2025\/12\/Unknown-2-1.jpeg","thumbnail_width":784,"thumbnail_height":1168,"description":"Le monde, au sens large, bouge, se modifie, \u00e9volue, subit des mutations, des transformations\u2026 rien de nouveau, mais, pour notre humanit\u00e9 en fragile \u00e9quilibre thermodynamique dans un univers qui nous d\u00e9passe, cela va continuer et ne changera jamais. Pourtant, un aspect \u00e9trange de notre \u00e9poque semble \u00eatre, de plus en plus, l\u2019incompr\u00e9hension voire, plus \u00e9trange [&hellip;]"}

Quel avenir pour le misonéisme en 2026 ?

<blockquote class="wp-embedded-content" data-secret="hQaWD09xLt"><a href="https://www.europeanscientist.com/fr/opinion/quel-avenir-pour-le-misoneisme-en-2026/">Quel avenir pour le misonéisme en 2026 ?</a></blockquote><iframe sandbox="allow-scripts" security="restricted" src="https://www.europeanscientist.com/fr/opinion/quel-avenir-pour-le-misoneisme-en-2026/embed/#?secret=hQaWD09xLt" width="600" height="338" title="« Quel avenir pour le misonéisme en 2026 ? » &#8212; European Scientist" data-secret="hQaWD09xLt" frameborder="0" marginwidth="0" marginheight="0" scrolling="no" class="wp-embedded-content"></iframe><script type="text/javascript">
/* <![CDATA[ */
/*! This file is auto-generated */
!function(d,l){"use strict";l.querySelector&&d.addEventListener&&"undefined"!=typeof URL&&(d.wp=d.wp||{},d.wp.receiveEmbedMessage||(d.wp.receiveEmbedMessage=function(e){var t=e.data;if((t||t.secret||t.message||t.value)&&!/[^a-zA-Z0-9]/.test(t.secret)){for(var s,r,n,a=l.querySelectorAll('iframe[data-secret="'+t.secret+'"]'),o=l.querySelectorAll('blockquote[data-secret="'+t.secret+'"]'),c=new RegExp("^https?:$","i"),i=0;i<o.length;i++)o[i].style.display="none";for(i=0;i<a.length;i++)s=a[i],e.source===s.contentWindow&&(s.removeAttribute("style"),"height"===t.message?(1e3<(r=parseInt(t.value,10))?r=1e3:~~r<200&&(r=200),s.height=r):"link"===t.message&&(r=new URL(s.getAttribute("src")),n=new URL(t.value),c.test(n.protocol))&&n.host===r.host&&l.activeElement===s&&(d.top.location.href=t.value))}},d.addEventListener("message",d.wp.receiveEmbedMessage,!1),l.addEventListener("DOMContentLoaded",function(){for(var e,t,s=l.querySelectorAll("iframe.wp-embedded-content"),r=0;r<s.length;r++)(t=(e=s[r]).getAttribute("data-secret"))||(t=Math.random().toString(36).substring(2,12),e.src+="#?secret="+t,e.setAttribute("data-secret",t)),e.contentWindow.postMessage({message:"ready",secret:t},"*")},!1)))}(window,document);
//# sourceURL=https://www.europeanscientist.com/wp-includes/js/wp-embed.min.js
/* ]]> */
</script>

Le monde, au sens large, bouge, se modifie, évolue, subit des mutations, des transformations… rien de nouveau, mais, pour notre humanité en fragile équilibre thermodynamique dans un univers qui nous dépasse, cela va continuer et ne changera jamais. Pourtant, un aspect étrange de notre époque semble être, de plus en plus, l’incompréhension voire, plus étrange [&hellip;]
