{"version":"1.0","provider_name":"European Scientist","provider_url":"https:\/\/www.europeanscientist.com\/fr\/","author_name":"Guy-Andr\u00e9 Pelouze","author_url":"https:\/\/www.europeanscientist.com\/fr\/author\/gpelouse\/","title":"M\u00e9decine d'opinion : le patient prend le risque","type":"rich","width":600,"height":338,"html":"<blockquote class=\"wp-embedded-content\" data-secret=\"euNZncY0Lr\"><a href=\"https:\/\/www.europeanscientist.com\/fr\/opinion\/medecine-dopinion-le-patient-prend-le-risque\/\">M\u00e9decine d&rsquo;opinion : le patient prend le risque<\/a><\/blockquote><iframe sandbox=\"allow-scripts\" security=\"restricted\" src=\"https:\/\/www.europeanscientist.com\/fr\/opinion\/medecine-dopinion-le-patient-prend-le-risque\/embed\/#?secret=euNZncY0Lr\" width=\"600\" height=\"338\" title=\"\u00ab\u00a0M\u00e9decine d&rsquo;opinion : le patient prend le risque\u00a0\u00bb &#8212; European Scientist\" data-secret=\"euNZncY0Lr\" frameborder=\"0\" marginwidth=\"0\" marginheight=\"0\" scrolling=\"no\" class=\"wp-embedded-content\"><\/iframe><script type=\"text\/javascript\">\n\/* <![CDATA[ *\/\n\/*! This file is auto-generated *\/\n!function(d,l){\"use strict\";l.querySelector&&d.addEventListener&&\"undefined\"!=typeof URL&&(d.wp=d.wp||{},d.wp.receiveEmbedMessage||(d.wp.receiveEmbedMessage=function(e){var t=e.data;if((t||t.secret||t.message||t.value)&&!\/[^a-zA-Z0-9]\/.test(t.secret)){for(var s,r,n,a=l.querySelectorAll('iframe[data-secret=\"'+t.secret+'\"]'),o=l.querySelectorAll('blockquote[data-secret=\"'+t.secret+'\"]'),c=new RegExp(\"^https?:$\",\"i\"),i=0;i<o.length;i++)o[i].style.display=\"none\";for(i=0;i<a.length;i++)s=a[i],e.source===s.contentWindow&&(s.removeAttribute(\"style\"),\"height\"===t.message?(1e3<(r=parseInt(t.value,10))?r=1e3:~~r<200&&(r=200),s.height=r):\"link\"===t.message&&(r=new URL(s.getAttribute(\"src\")),n=new URL(t.value),c.test(n.protocol))&&n.host===r.host&&l.activeElement===s&&(d.top.location.href=t.value))}},d.addEventListener(\"message\",d.wp.receiveEmbedMessage,!1),l.addEventListener(\"DOMContentLoaded\",function(){for(var e,t,s=l.querySelectorAll(\"iframe.wp-embedded-content\"),r=0;r<s.length;r++)(t=(e=s[r]).getAttribute(\"data-secret\"))||(t=Math.random().toString(36).substring(2,12),e.src+=\"#?secret=\"+t,e.setAttribute(\"data-secret\",t)),e.contentWindow.postMessage({message:\"ready\",secret:t},\"*\")},!1)))}(window,document);\n\/\/# sourceURL=https:\/\/www.europeanscientist.com\/wp-includes\/js\/wp-embed.min.js\n\/* ]]> *\/\n<\/script>\n","thumbnail_url":"https:\/\/www.europeanscientist.com\/wp-content\/uploads\/2022\/04\/medicine-g66f713db3_1920.jpg","thumbnail_width":1920,"thumbnail_height":1280,"description":"La pand\u00e9mie \u00e0 SARS-CoV-2 a mis en \u00e9vidence que la m\u00e9decine fran\u00e7aise pouvait se d\u00e9chirer sur des opinions. Cette m\u00e9decine d\u2019opinion n\u2019est pas n\u00e9e avec la pand\u00e9mie mais les situations d\u2019urgence d\u00e9voilent les intentions des processus cognitifs, heuristiques et de leurs bases. C\u2019est ce que j\u2019analyse.\u00a0 Comment est n\u00e9e la m\u00e9decine?\u00a0 Le soin et l&rsquo;ensemble [&hellip;]"}

Guy-André Pelouze

Médecine d'opinion : le patient prend le risque

<blockquote class="wp-embedded-content" data-secret="euNZncY0Lr"><a href="https://www.europeanscientist.com/fr/opinion/medecine-dopinion-le-patient-prend-le-risque/">Médecine d&rsquo;opinion : le patient prend le risque</a></blockquote><iframe sandbox="allow-scripts" security="restricted" src="https://www.europeanscientist.com/fr/opinion/medecine-dopinion-le-patient-prend-le-risque/embed/#?secret=euNZncY0Lr" width="600" height="338" title="« Médecine d&rsquo;opinion : le patient prend le risque » &#8212; European Scientist" data-secret="euNZncY0Lr" frameborder="0" marginwidth="0" marginheight="0" scrolling="no" class="wp-embedded-content"></iframe><script type="text/javascript">
/* <![CDATA[ */
/*! This file is auto-generated */
!function(d,l){"use strict";l.querySelector&&d.addEventListener&&"undefined"!=typeof URL&&(d.wp=d.wp||{},d.wp.receiveEmbedMessage||(d.wp.receiveEmbedMessage=function(e){var t=e.data;if((t||t.secret||t.message||t.value)&&!/[^a-zA-Z0-9]/.test(t.secret)){for(var s,r,n,a=l.querySelectorAll('iframe[data-secret="'+t.secret+'"]'),o=l.querySelectorAll('blockquote[data-secret="'+t.secret+'"]'),c=new RegExp("^https?:$","i"),i=0;i<o.length;i++)o[i].style.display="none";for(i=0;i<a.length;i++)s=a[i],e.source===s.contentWindow&&(s.removeAttribute("style"),"height"===t.message?(1e3<(r=parseInt(t.value,10))?r=1e3:~~r<200&&(r=200),s.height=r):"link"===t.message&&(r=new URL(s.getAttribute("src")),n=new URL(t.value),c.test(n.protocol))&&n.host===r.host&&l.activeElement===s&&(d.top.location.href=t.value))}},d.addEventListener("message",d.wp.receiveEmbedMessage,!1),l.addEventListener("DOMContentLoaded",function(){for(var e,t,s=l.querySelectorAll("iframe.wp-embedded-content"),r=0;r<s.length;r++)(t=(e=s[r]).getAttribute("data-secret"))||(t=Math.random().toString(36).substring(2,12),e.src+="#?secret="+t,e.setAttribute("data-secret",t)),e.contentWindow.postMessage({message:"ready",secret:t},"*")},!1)))}(window,document);
//# sourceURL=https://www.europeanscientist.com/wp-includes/js/wp-embed.min.js
/* ]]> */
</script>

La pandémie à SARS-CoV-2 a mis en évidence que la médecine française pouvait se déchirer sur des opinions. Cette médecine d’opinion n’est pas née avec la pandémie mais les situations d’urgence dévoilent les intentions des processus cognitifs, heuristiques et de leurs bases. C’est ce que j’analyse.  Comment est née la médecine?  Le soin et l&rsquo;ensemble [&hellip;]
