{"version":"1.0","provider_name":"European Scientist","provider_url":"https:\/\/www.europeanscientist.com\/fr\/","author_name":"Christian Semperes","author_url":"https:\/\/www.europeanscientist.com\/fr\/author\/christian-semperes\/","title":"Les black-out pour les nuls","type":"rich","width":600,"height":338,"html":"<blockquote class=\"wp-embedded-content\" data-secret=\"FxYrMNSrZ6\"><a href=\"https:\/\/www.europeanscientist.com\/fr\/opinion\/les-black-out-pour-les-nuls\/\">Les black-out pour les nuls<\/a><\/blockquote><iframe sandbox=\"allow-scripts\" security=\"restricted\" src=\"https:\/\/www.europeanscientist.com\/fr\/opinion\/les-black-out-pour-les-nuls\/embed\/#?secret=FxYrMNSrZ6\" width=\"600\" height=\"338\" title=\"\u00ab\u00a0Les black-out pour les nuls\u00a0\u00bb &#8212; European Scientist\" data-secret=\"FxYrMNSrZ6\" frameborder=\"0\" marginwidth=\"0\" marginheight=\"0\" scrolling=\"no\" class=\"wp-embedded-content\"><\/iframe><script type=\"text\/javascript\">\n\/* <![CDATA[ *\/\n\/*! This file is auto-generated *\/\n!function(d,l){\"use strict\";l.querySelector&&d.addEventListener&&\"undefined\"!=typeof URL&&(d.wp=d.wp||{},d.wp.receiveEmbedMessage||(d.wp.receiveEmbedMessage=function(e){var t=e.data;if((t||t.secret||t.message||t.value)&&!\/[^a-zA-Z0-9]\/.test(t.secret)){for(var s,r,n,a=l.querySelectorAll('iframe[data-secret=\"'+t.secret+'\"]'),o=l.querySelectorAll('blockquote[data-secret=\"'+t.secret+'\"]'),c=new RegExp(\"^https?:$\",\"i\"),i=0;i<o.length;i++)o[i].style.display=\"none\";for(i=0;i<a.length;i++)s=a[i],e.source===s.contentWindow&&(s.removeAttribute(\"style\"),\"height\"===t.message?(1e3<(r=parseInt(t.value,10))?r=1e3:~~r<200&&(r=200),s.height=r):\"link\"===t.message&&(r=new URL(s.getAttribute(\"src\")),n=new URL(t.value),c.test(n.protocol))&&n.host===r.host&&l.activeElement===s&&(d.top.location.href=t.value))}},d.addEventListener(\"message\",d.wp.receiveEmbedMessage,!1),l.addEventListener(\"DOMContentLoaded\",function(){for(var e,t,s=l.querySelectorAll(\"iframe.wp-embedded-content\"),r=0;r<s.length;r++)(t=(e=s[r]).getAttribute(\"data-secret\"))||(t=Math.random().toString(36).substring(2,12),e.src+=\"#?secret=\"+t,e.setAttribute(\"data-secret\",t)),e.contentWindow.postMessage({message:\"ready\",secret:t},\"*\")},!1)))}(window,document);\n\/\/# sourceURL=https:\/\/www.europeanscientist.com\/wp-includes\/js\/wp-embed.min.js\n\/* ]]> *\/\n<\/script>\n","thumbnail_url":"https:\/\/www.europeanscientist.com\/wp-content\/uploads\/2022\/12\/business-gfa1f7b02f_1920.jpg","thumbnail_width":1920,"thumbnail_height":1280,"description":"Cela fait quelques mois d\u00e9sormais que les m\u00e9dias vous parlent de black-out, mais de quoi s\u2019agit-il exactement ? Christian Semperes vous explique. On parle de coupures d\u2019\u00e9lectricit\u00e9 en cas de r\u00e9seau tendu, quelles sont les causes et comment \u00e7a se passe avant la coupure volontaire, voire subie par le gestionnaire de r\u00e9seau. Un peu de [&hellip;]"}

Cela fait quelques mois désormais que les médias vous parlent de black-out, mais de quoi s’agit-il exactement ? Christian Semperes vous explique. On parle de coupures d’électricité en cas de réseau tendu, quelles sont les causes et comment ça se passe avant la coupure volontaire, voire subie par le gestionnaire de réseau. Un peu de [&hellip;]
