{"version":"1.0","provider_name":"European Scientist","provider_url":"https:\/\/www.europeanscientist.com\/fr\/","author_name":"Thomas Lepeltier","author_url":"https:\/\/www.europeanscientist.com\/fr\/author\/thomas-lepeltier\/","title":"Le mythe politique de la 6e\u00a0extinction","type":"rich","width":600,"height":338,"html":"<blockquote class=\"wp-embedded-content\" data-secret=\"EM7OBIVc2p\"><a href=\"https:\/\/www.europeanscientist.com\/fr\/opinion\/le-mythe-politique-de-la-6e-extinction\/\">Le mythe politique de la 6e\u00a0extinction<\/a><\/blockquote><iframe sandbox=\"allow-scripts\" security=\"restricted\" src=\"https:\/\/www.europeanscientist.com\/fr\/opinion\/le-mythe-politique-de-la-6e-extinction\/embed\/#?secret=EM7OBIVc2p\" width=\"600\" height=\"338\" title=\"\u00ab\u00a0Le mythe politique de la 6e\u00a0extinction\u00a0\u00bb &#8212; European Scientist\" data-secret=\"EM7OBIVc2p\" frameborder=\"0\" marginwidth=\"0\" marginheight=\"0\" scrolling=\"no\" class=\"wp-embedded-content\"><\/iframe><script type=\"text\/javascript\">\n\/* <![CDATA[ *\/\n\/*! This file is auto-generated *\/\n!function(d,l){\"use strict\";l.querySelector&&d.addEventListener&&\"undefined\"!=typeof URL&&(d.wp=d.wp||{},d.wp.receiveEmbedMessage||(d.wp.receiveEmbedMessage=function(e){var t=e.data;if((t||t.secret||t.message||t.value)&&!\/[^a-zA-Z0-9]\/.test(t.secret)){for(var s,r,n,a=l.querySelectorAll('iframe[data-secret=\"'+t.secret+'\"]'),o=l.querySelectorAll('blockquote[data-secret=\"'+t.secret+'\"]'),c=new RegExp(\"^https?:$\",\"i\"),i=0;i<o.length;i++)o[i].style.display=\"none\";for(i=0;i<a.length;i++)s=a[i],e.source===s.contentWindow&&(s.removeAttribute(\"style\"),\"height\"===t.message?(1e3<(r=parseInt(t.value,10))?r=1e3:~~r<200&&(r=200),s.height=r):\"link\"===t.message&&(r=new URL(s.getAttribute(\"src\")),n=new URL(t.value),c.test(n.protocol))&&n.host===r.host&&l.activeElement===s&&(d.top.location.href=t.value))}},d.addEventListener(\"message\",d.wp.receiveEmbedMessage,!1),l.addEventListener(\"DOMContentLoaded\",function(){for(var e,t,s=l.querySelectorAll(\"iframe.wp-embedded-content\"),r=0;r<s.length;r++)(t=(e=s[r]).getAttribute(\"data-secret\"))||(t=Math.random().toString(36).substring(2,12),e.src+=\"#?secret=\"+t,e.setAttribute(\"data-secret\",t)),e.contentWindow.postMessage({message:\"ready\",secret:t},\"*\")},!1)))}(window,document);\n\/\/# sourceURL=https:\/\/www.europeanscientist.com\/wp-includes\/js\/wp-embed.min.js\n\/* ]]> *\/\n<\/script>\n","thumbnail_url":"https:\/\/www.europeanscientist.com\/wp-content\/uploads\/2025\/08\/6eextinction.jpg","thumbnail_width":768,"thumbnail_height":576,"description":"L\u2019id\u00e9e que nous serions entr\u00e9s dans la 6e\u00a0grande extinction de la vie sur Terre est r\u00e9guli\u00e8rement avanc\u00e9e pour critiquer la soci\u00e9t\u00e9 moderne. Pourtant, l\u2019id\u00e9e est contestable d\u2019un point de vue empirique et la critique revient \u00e0 se m\u00e9prendre sur l\u2019impact des activit\u00e9s humaines. On entend de plus en plus souvent que nous serions entr\u00e9s dans [&hellip;]"}

L’idée que nous serions entrés dans la 6e grande extinction de la vie sur Terre est régulièrement avancée pour critiquer la société moderne. Pourtant, l’idée est contestable d’un point de vue empirique et la critique revient à se méprendre sur l’impact des activités humaines. On entend de plus en plus souvent que nous serions entrés dans [&hellip;]
