{"version":"1.0","provider_name":"European Scientist","provider_url":"https:\/\/www.europeanscientist.com\/fr\/","author_name":"Jean-Pierre Riou","author_url":"https:\/\/www.europeanscientist.com\/fr\/author\/jean-pierre-riou\/","title":"Directives europ\u00e9ennes vs la France d\u2019en bas","type":"rich","width":600,"height":338,"html":"<blockquote class=\"wp-embedded-content\" data-secret=\"0XniD8vpXn\"><a href=\"https:\/\/www.europeanscientist.com\/fr\/opinion\/directives-europeennes-vs-la-france-den-bas\/\">Directives europ\u00e9ennes vs la France d\u2019en bas<\/a><\/blockquote><iframe sandbox=\"allow-scripts\" security=\"restricted\" src=\"https:\/\/www.europeanscientist.com\/fr\/opinion\/directives-europeennes-vs-la-france-den-bas\/embed\/#?secret=0XniD8vpXn\" width=\"600\" height=\"338\" title=\"\u00ab\u00a0Directives europ\u00e9ennes vs la France d\u2019en bas\u00a0\u00bb &#8212; European Scientist\" data-secret=\"0XniD8vpXn\" frameborder=\"0\" marginwidth=\"0\" marginheight=\"0\" scrolling=\"no\" class=\"wp-embedded-content\"><\/iframe><script type=\"text\/javascript\">\n\/* <![CDATA[ *\/\n\/*! This file is auto-generated *\/\n!function(d,l){\"use strict\";l.querySelector&&d.addEventListener&&\"undefined\"!=typeof URL&&(d.wp=d.wp||{},d.wp.receiveEmbedMessage||(d.wp.receiveEmbedMessage=function(e){var t=e.data;if((t||t.secret||t.message||t.value)&&!\/[^a-zA-Z0-9]\/.test(t.secret)){for(var s,r,n,a=l.querySelectorAll('iframe[data-secret=\"'+t.secret+'\"]'),o=l.querySelectorAll('blockquote[data-secret=\"'+t.secret+'\"]'),c=new RegExp(\"^https?:$\",\"i\"),i=0;i<o.length;i++)o[i].style.display=\"none\";for(i=0;i<a.length;i++)s=a[i],e.source===s.contentWindow&&(s.removeAttribute(\"style\"),\"height\"===t.message?(1e3<(r=parseInt(t.value,10))?r=1e3:~~r<200&&(r=200),s.height=r):\"link\"===t.message&&(r=new URL(s.getAttribute(\"src\")),n=new URL(t.value),c.test(n.protocol))&&n.host===r.host&&l.activeElement===s&&(d.top.location.href=t.value))}},d.addEventListener(\"message\",d.wp.receiveEmbedMessage,!1),l.addEventListener(\"DOMContentLoaded\",function(){for(var e,t,s=l.querySelectorAll(\"iframe.wp-embedded-content\"),r=0;r<s.length;r++)(t=(e=s[r]).getAttribute(\"data-secret\"))||(t=Math.random().toString(36).substring(2,12),e.src+=\"#?secret=\"+t,e.setAttribute(\"data-secret\",t)),e.contentWindow.postMessage({message:\"ready\",secret:t},\"*\")},!1)))}(window,document);\n\/\/# sourceURL=https:\/\/www.europeanscientist.com\/wp-includes\/js\/wp-embed.min.js\n\/* ]]> *\/\n<\/script>\n","thumbnail_url":"https:\/\/www.europeanscientist.com\/wp-content\/uploads\/2023\/03\/yellow-vests-g1c53def24_1280.jpg","thumbnail_width":1280,"thumbnail_height":853,"description":"Apr\u00e8s que le charbon allemand aura contribu\u00e9 \u00e0 faire condamner l\u2019\u00c9tat fran\u00e7ais pour d\u00e9passement du seuil de particules fines PM10, le chauffage individuel au bois, premi\u00e8re source d\u2019\u00e9nergies renouvelables en France, ne sera plus autoris\u00e9 que sous certaines conditions dans 167 communes du Rh\u00f4ne de l\u2019Is\u00e8re et de l\u2019Ain d\u00e8s le premier avril prochain.\u00a0La lutte [&hellip;]"}

Directives européennes vs la France d’en bas

<blockquote class="wp-embedded-content" data-secret="0XniD8vpXn"><a href="https://www.europeanscientist.com/fr/opinion/directives-europeennes-vs-la-france-den-bas/">Directives européennes vs la France d’en bas</a></blockquote><iframe sandbox="allow-scripts" security="restricted" src="https://www.europeanscientist.com/fr/opinion/directives-europeennes-vs-la-france-den-bas/embed/#?secret=0XniD8vpXn" width="600" height="338" title="« Directives européennes vs la France d’en bas » &#8212; European Scientist" data-secret="0XniD8vpXn" frameborder="0" marginwidth="0" marginheight="0" scrolling="no" class="wp-embedded-content"></iframe><script type="text/javascript">
/* <![CDATA[ */
/*! This file is auto-generated */
!function(d,l){"use strict";l.querySelector&&d.addEventListener&&"undefined"!=typeof URL&&(d.wp=d.wp||{},d.wp.receiveEmbedMessage||(d.wp.receiveEmbedMessage=function(e){var t=e.data;if((t||t.secret||t.message||t.value)&&!/[^a-zA-Z0-9]/.test(t.secret)){for(var s,r,n,a=l.querySelectorAll('iframe[data-secret="'+t.secret+'"]'),o=l.querySelectorAll('blockquote[data-secret="'+t.secret+'"]'),c=new RegExp("^https?:$","i"),i=0;i<o.length;i++)o[i].style.display="none";for(i=0;i<a.length;i++)s=a[i],e.source===s.contentWindow&&(s.removeAttribute("style"),"height"===t.message?(1e3<(r=parseInt(t.value,10))?r=1e3:~~r<200&&(r=200),s.height=r):"link"===t.message&&(r=new URL(s.getAttribute("src")),n=new URL(t.value),c.test(n.protocol))&&n.host===r.host&&l.activeElement===s&&(d.top.location.href=t.value))}},d.addEventListener("message",d.wp.receiveEmbedMessage,!1),l.addEventListener("DOMContentLoaded",function(){for(var e,t,s=l.querySelectorAll("iframe.wp-embedded-content"),r=0;r<s.length;r++)(t=(e=s[r]).getAttribute("data-secret"))||(t=Math.random().toString(36).substring(2,12),e.src+="#?secret="+t,e.setAttribute("data-secret",t)),e.contentWindow.postMessage({message:"ready",secret:t},"*")},!1)))}(window,document);
//# sourceURL=https://www.europeanscientist.com/wp-includes/js/wp-embed.min.js
/* ]]> */
</script>

Après que le charbon allemand aura contribué à faire condamner l’État français pour dépassement du seuil de particules fines PM10, le chauffage individuel au bois, première source d’énergies renouvelables en France, ne sera plus autorisé que sous certaines conditions dans 167 communes du Rhône de l’Isère et de l’Ain dès le premier avril prochain. La lutte [&hellip;]
