{"version":"1.0","provider_name":"European Scientist","provider_url":"https:\/\/www.europeanscientist.com\/fr\/","author_name":"Gerard Petit","author_url":"https:\/\/www.europeanscientist.com\/fr\/author\/gerard-petit\/","title":"D\u00e9rives climatiques\u00a0: s\u2019adapter, se prot\u00e9ger","type":"rich","width":600,"height":338,"html":"<blockquote class=\"wp-embedded-content\" data-secret=\"fYq0olmzlK\"><a href=\"https:\/\/www.europeanscientist.com\/fr\/opinion\/derives-climatiques-sadapter-se-proteger\/\">D\u00e9rives climatiques\u00a0: s\u2019adapter, se prot\u00e9ger<\/a><\/blockquote><iframe sandbox=\"allow-scripts\" security=\"restricted\" src=\"https:\/\/www.europeanscientist.com\/fr\/opinion\/derives-climatiques-sadapter-se-proteger\/embed\/#?secret=fYq0olmzlK\" width=\"600\" height=\"338\" title=\"\u00ab\u00a0D\u00e9rives climatiques\u00a0: s\u2019adapter, se prot\u00e9ger\u00a0\u00bb &#8212; European Scientist\" data-secret=\"fYq0olmzlK\" frameborder=\"0\" marginwidth=\"0\" marginheight=\"0\" scrolling=\"no\" class=\"wp-embedded-content\"><\/iframe><script type=\"text\/javascript\">\n\/* <![CDATA[ *\/\n\/*! This file is auto-generated *\/\n!function(d,l){\"use strict\";l.querySelector&&d.addEventListener&&\"undefined\"!=typeof URL&&(d.wp=d.wp||{},d.wp.receiveEmbedMessage||(d.wp.receiveEmbedMessage=function(e){var t=e.data;if((t||t.secret||t.message||t.value)&&!\/[^a-zA-Z0-9]\/.test(t.secret)){for(var s,r,n,a=l.querySelectorAll('iframe[data-secret=\"'+t.secret+'\"]'),o=l.querySelectorAll('blockquote[data-secret=\"'+t.secret+'\"]'),c=new RegExp(\"^https?:$\",\"i\"),i=0;i<o.length;i++)o[i].style.display=\"none\";for(i=0;i<a.length;i++)s=a[i],e.source===s.contentWindow&&(s.removeAttribute(\"style\"),\"height\"===t.message?(1e3<(r=parseInt(t.value,10))?r=1e3:~~r<200&&(r=200),s.height=r):\"link\"===t.message&&(r=new URL(s.getAttribute(\"src\")),n=new URL(t.value),c.test(n.protocol))&&n.host===r.host&&l.activeElement===s&&(d.top.location.href=t.value))}},d.addEventListener(\"message\",d.wp.receiveEmbedMessage,!1),l.addEventListener(\"DOMContentLoaded\",function(){for(var e,t,s=l.querySelectorAll(\"iframe.wp-embedded-content\"),r=0;r<s.length;r++)(t=(e=s[r]).getAttribute(\"data-secret\"))||(t=Math.random().toString(36).substring(2,12),e.src+=\"#?secret=\"+t,e.setAttribute(\"data-secret\",t)),e.contentWindow.postMessage({message:\"ready\",secret:t},\"*\")},!1)))}(window,document);\n\/\/# sourceURL=https:\/\/www.europeanscientist.com\/wp-includes\/js\/wp-embed.min.js\n\/* ]]> *\/\n<\/script>\n","thumbnail_url":"https:\/\/www.europeanscientist.com\/wp-content\/uploads\/2022\/07\/hands-g8554a9eb1_1280.jpg","thumbnail_width":1280,"thumbnail_height":905,"description":"Il est grand temps qu\u2019on cherche \u00e0 pousser le curseur de la lutte contre le r\u00e9chauffement climatique vers la pr\u00e9gnante n\u00e9cessit\u00e9 de se prot\u00e9ger de ses effets, sans devoir consid\u00e9rer uniquement ses causes. D\u2019aucuns diront \u00ab\u00a0enfin\u00a0\u00bb\u00a0! Sortir d\u2019un seul sillon Mais curieusement, ce glissement est r\u00e9cent et encore bien h\u00e9sitant, comme si on avait consid\u00e9r\u00e9, [&hellip;]"}

Dérives climatiques : s’adapter, se protéger

<blockquote class="wp-embedded-content" data-secret="fYq0olmzlK"><a href="https://www.europeanscientist.com/fr/opinion/derives-climatiques-sadapter-se-proteger/">Dérives climatiques : s’adapter, se protéger</a></blockquote><iframe sandbox="allow-scripts" security="restricted" src="https://www.europeanscientist.com/fr/opinion/derives-climatiques-sadapter-se-proteger/embed/#?secret=fYq0olmzlK" width="600" height="338" title="« Dérives climatiques : s’adapter, se protéger » &#8212; European Scientist" data-secret="fYq0olmzlK" frameborder="0" marginwidth="0" marginheight="0" scrolling="no" class="wp-embedded-content"></iframe><script type="text/javascript">
/* <![CDATA[ */
/*! This file is auto-generated */
!function(d,l){"use strict";l.querySelector&&d.addEventListener&&"undefined"!=typeof URL&&(d.wp=d.wp||{},d.wp.receiveEmbedMessage||(d.wp.receiveEmbedMessage=function(e){var t=e.data;if((t||t.secret||t.message||t.value)&&!/[^a-zA-Z0-9]/.test(t.secret)){for(var s,r,n,a=l.querySelectorAll('iframe[data-secret="'+t.secret+'"]'),o=l.querySelectorAll('blockquote[data-secret="'+t.secret+'"]'),c=new RegExp("^https?:$","i"),i=0;i<o.length;i++)o[i].style.display="none";for(i=0;i<a.length;i++)s=a[i],e.source===s.contentWindow&&(s.removeAttribute("style"),"height"===t.message?(1e3<(r=parseInt(t.value,10))?r=1e3:~~r<200&&(r=200),s.height=r):"link"===t.message&&(r=new URL(s.getAttribute("src")),n=new URL(t.value),c.test(n.protocol))&&n.host===r.host&&l.activeElement===s&&(d.top.location.href=t.value))}},d.addEventListener("message",d.wp.receiveEmbedMessage,!1),l.addEventListener("DOMContentLoaded",function(){for(var e,t,s=l.querySelectorAll("iframe.wp-embedded-content"),r=0;r<s.length;r++)(t=(e=s[r]).getAttribute("data-secret"))||(t=Math.random().toString(36).substring(2,12),e.src+="#?secret="+t,e.setAttribute("data-secret",t)),e.contentWindow.postMessage({message:"ready",secret:t},"*")},!1)))}(window,document);
//# sourceURL=https://www.europeanscientist.com/wp-includes/js/wp-embed.min.js
/* ]]> */
</script>

Il est grand temps qu’on cherche à pousser le curseur de la lutte contre le réchauffement climatique vers la prégnante nécessité de se protéger de ses effets, sans devoir considérer uniquement ses causes. D’aucuns diront « enfin » ! Sortir d’un seul sillon Mais curieusement, ce glissement est récent et encore bien hésitant, comme si on avait considéré, [&hellip;]
