{"version":"1.0","provider_name":"European Scientist","provider_url":"https:\/\/www.europeanscientist.com\/fr\/","author_name":"Michel de Rougemont","author_url":"https:\/\/www.europeanscientist.com\/fr\/author\/michel-de-rougemont\/","title":"Ce qui lave plus vert risque de salir","type":"rich","width":600,"height":338,"html":"<blockquote class=\"wp-embedded-content\" data-secret=\"UHVyI2sp0S\"><a href=\"https:\/\/www.europeanscientist.com\/fr\/opinion\/ce-qui-lave-plus-vert-risque-de-salir\/\">Ce qui lave plus vert risque de salir<\/a><\/blockquote><iframe sandbox=\"allow-scripts\" security=\"restricted\" src=\"https:\/\/www.europeanscientist.com\/fr\/opinion\/ce-qui-lave-plus-vert-risque-de-salir\/embed\/#?secret=UHVyI2sp0S\" width=\"600\" height=\"338\" title=\"\u00ab\u00a0Ce qui lave plus vert risque de salir\u00a0\u00bb &#8212; European Scientist\" data-secret=\"UHVyI2sp0S\" frameborder=\"0\" marginwidth=\"0\" marginheight=\"0\" scrolling=\"no\" class=\"wp-embedded-content\"><\/iframe><script type=\"text\/javascript\">\n\/* <![CDATA[ *\/\n\/*! This file is auto-generated *\/\n!function(d,l){\"use strict\";l.querySelector&&d.addEventListener&&\"undefined\"!=typeof URL&&(d.wp=d.wp||{},d.wp.receiveEmbedMessage||(d.wp.receiveEmbedMessage=function(e){var t=e.data;if((t||t.secret||t.message||t.value)&&!\/[^a-zA-Z0-9]\/.test(t.secret)){for(var s,r,n,a=l.querySelectorAll('iframe[data-secret=\"'+t.secret+'\"]'),o=l.querySelectorAll('blockquote[data-secret=\"'+t.secret+'\"]'),c=new RegExp(\"^https?:$\",\"i\"),i=0;i<o.length;i++)o[i].style.display=\"none\";for(i=0;i<a.length;i++)s=a[i],e.source===s.contentWindow&&(s.removeAttribute(\"style\"),\"height\"===t.message?(1e3<(r=parseInt(t.value,10))?r=1e3:~~r<200&&(r=200),s.height=r):\"link\"===t.message&&(r=new URL(s.getAttribute(\"src\")),n=new URL(t.value),c.test(n.protocol))&&n.host===r.host&&l.activeElement===s&&(d.top.location.href=t.value))}},d.addEventListener(\"message\",d.wp.receiveEmbedMessage,!1),l.addEventListener(\"DOMContentLoaded\",function(){for(var e,t,s=l.querySelectorAll(\"iframe.wp-embedded-content\"),r=0;r<s.length;r++)(t=(e=s[r]).getAttribute(\"data-secret\"))||(t=Math.random().toString(36).substring(2,12),e.src+=\"#?secret=\"+t,e.setAttribute(\"data-secret\",t)),e.contentWindow.postMessage({message:\"ready\",secret:t},\"*\")},!1)))}(window,document);\n\/\/# sourceURL=https:\/\/www.europeanscientist.com\/wp-includes\/js\/wp-embed.min.js\n\/* ]]> *\/\n<\/script>\n","thumbnail_url":"https:\/\/www.europeanscientist.com\/wp-content\/uploads\/2022\/06\/capsules-g14751e504_1920.jpg","thumbnail_width":1920,"thumbnail_height":1280,"description":"Apr\u00e8s qu\u2019une urgence a \u00e9t\u00e9 cr\u00e9\u00e9e afin de sauver la plan\u00e8te, le monde de la finance ne s\u2019engage m\u00eame plus dans l\u2019illusion d\u2019en \u00eatre le secouriste, mais plut\u00f4t dans le marasme. La nouvelle vient de tomber (1) que les locaux de la Deutsche Bank \u00e0 Francfort ont \u00e9t\u00e9 perquisitionn\u00e9s dans la cadre d\u2019une enqu\u00eate men\u00e9e [&hellip;]"}

Après qu’une urgence a été créée afin de sauver la planète, le monde de la finance ne s’engage même plus dans l’illusion d’en être le secouriste, mais plutôt dans le marasme. La nouvelle vient de tomber (1) que les locaux de la Deutsche Bank à Francfort ont été perquisitionnés dans la cadre d’une enquête menée [&hellip;]
