{"version":"1.0","provider_name":"European Scientist","provider_url":"https:\/\/www.europeanscientist.com\/de\/","author_name":"Raphael Schleuning","author_url":"https:\/\/www.europeanscientist.com\/de\/author\/raphael-schleuning\/","title":"ESA: Gehirn vernetzt sich im Weltall neu","type":"rich","width":600,"height":338,"html":"<blockquote class=\"wp-embedded-content\" data-secret=\"Q8tPmcsd5O\"><a href=\"https:\/\/www.europeanscientist.com\/de\/weltraum\/esa-gehirn-vernetzt-sich-im-weltall-neu\/\">ESA: Gehirn vernetzt sich im Weltall neu<\/a><\/blockquote><iframe sandbox=\"allow-scripts\" security=\"restricted\" src=\"https:\/\/www.europeanscientist.com\/de\/weltraum\/esa-gehirn-vernetzt-sich-im-weltall-neu\/embed\/#?secret=Q8tPmcsd5O\" width=\"600\" height=\"338\" title=\"&#8222;ESA: Gehirn vernetzt sich im Weltall neu&#8220; &#8211; European Scientist\" data-secret=\"Q8tPmcsd5O\" frameborder=\"0\" marginwidth=\"0\" marginheight=\"0\" scrolling=\"no\" class=\"wp-embedded-content\"><\/iframe><script type=\"text\/javascript\">\n\/* <![CDATA[ *\/\n\/*! This file is auto-generated *\/\n!function(d,l){\"use strict\";l.querySelector&&d.addEventListener&&\"undefined\"!=typeof URL&&(d.wp=d.wp||{},d.wp.receiveEmbedMessage||(d.wp.receiveEmbedMessage=function(e){var t=e.data;if((t||t.secret||t.message||t.value)&&!\/[^a-zA-Z0-9]\/.test(t.secret)){for(var s,r,n,a=l.querySelectorAll('iframe[data-secret=\"'+t.secret+'\"]'),o=l.querySelectorAll('blockquote[data-secret=\"'+t.secret+'\"]'),c=new RegExp(\"^https?:$\",\"i\"),i=0;i<o.length;i++)o[i].style.display=\"none\";for(i=0;i<a.length;i++)s=a[i],e.source===s.contentWindow&&(s.removeAttribute(\"style\"),\"height\"===t.message?(1e3<(r=parseInt(t.value,10))?r=1e3:~~r<200&&(r=200),s.height=r):\"link\"===t.message&&(r=new URL(s.getAttribute(\"src\")),n=new URL(t.value),c.test(n.protocol))&&n.host===r.host&&l.activeElement===s&&(d.top.location.href=t.value))}},d.addEventListener(\"message\",d.wp.receiveEmbedMessage,!1),l.addEventListener(\"DOMContentLoaded\",function(){for(var e,t,s=l.querySelectorAll(\"iframe.wp-embedded-content\"),r=0;r<s.length;r++)(t=(e=s[r]).getAttribute(\"data-secret\"))||(t=Math.random().toString(36).substring(2,12),e.src+=\"#?secret=\"+t,e.setAttribute(\"data-secret\",t)),e.contentWindow.postMessage({message:\"ready\",secret:t},\"*\")},!1)))}(window,document);\n\/\/# sourceURL=https:\/\/www.europeanscientist.com\/wp-includes\/js\/wp-embed.min.js\n\/* ]]> *\/\n<\/script>\n","thumbnail_url":"https:\/\/www.europeanscientist.com\/wp-content\/uploads\/2022\/02\/brain-g2bcd7c428_640.png","thumbnail_width":640,"thumbnail_height":420,"description":"Nicht nur Elon Musk tr\u00e4umt vom Mars als den n\u00e4chsten Planeten, den die Menschheit erobern soll. W\u00e4hrend technologisch eine solche Reise wohl schon bald m\u00f6glich w\u00e4re, so liegt einer der gr\u00f6\u00dften Risikofaktoren einer Marsmission an der Natur des Menschen selbst. Nun hat die ESA untersucht, welche Auswirkungen die mehrmonatige Reise zum Nachbarplaneten der Erde auf [&hellip;]"}

Nicht nur Elon Musk träumt vom Mars als den nächsten Planeten, den die Menschheit erobern soll. Während technologisch eine solche Reise wohl schon bald möglich wäre, so liegt einer der größten Risikofaktoren einer Marsmission an der Natur des Menschen selbst. Nun hat die ESA untersucht, welche Auswirkungen die mehrmonatige Reise zum Nachbarplaneten der Erde auf [&hellip;]
